{"id":421,"date":"2021-09-20T13:22:36","date_gmt":"2021-09-20T11:22:36","guid":{"rendered":"http:\/\/dev.kleine-saechsische-schweiz.de\/?page_id=421"},"modified":"2024-03-24T14:51:36","modified_gmt":"2024-03-24T13:51:36","slug":"gruppen","status":"publish","type":"page","link":"https:\/\/itanumit.de\/kleine-saechsische-schweiz.de\/gruppen\/","title":{"rendered":"Gruppen"},"content":{"rendered":"\t\t<div data-elementor-type=\"wp-page\" data-elementor-id=\"421\" class=\"elementor elementor-421\" data-elementor-post-type=\"page\">\n\t\t\t\t\t\t<section class=\"elementor-section elementor-top-section elementor-element elementor-element-25be283 no-padding elementor-section-boxed elementor-section-height-default elementor-section-height-default\" data-id=\"25be283\" data-element_type=\"section\">\n\t\t\t\t\t\t<div class=\"elementor-container elementor-column-gap-default\">\n\t\t\t\t\t<div class=\"elementor-column elementor-col-100 elementor-top-column elementor-element elementor-element-7f9f195\" data-id=\"7f9f195\" data-element_type=\"column\">\n\t\t\t<div class=\"elementor-widget-wrap elementor-element-populated\">\n\t\t\t\t\t\t<div class=\"elementor-element elementor-element-c4164b3 elementor-widget elementor-widget-image\" data-id=\"c4164b3\" data-element_type=\"widget\" data-widget_type=\"image.default\">\n\t\t\t\t<div class=\"elementor-widget-container\">\n\t\t\t<style>\/*! elementor - v3.22.0 - 26-06-2024 *\/\n.elementor-widget-image{text-align:center}.elementor-widget-image a{display:inline-block}.elementor-widget-image a img[src$=\".svg\"]{width:48px}.elementor-widget-image img{vertical-align:middle;display:inline-block}<\/style>\t\t\t\t\t\t\t\t\t\t<img fetchpriority=\"high\" decoding=\"async\" width=\"1540\" height=\"600\" src=\"https:\/\/itanumit.de\/kleine-saechsische-schweiz.de\/wp-content\/uploads\/2021\/09\/ksss-reisegruppen-senioren-1540x600.jpg\" class=\"attachment-Titelbild size-Titelbild wp-image-531\" alt=\"\" \/>\t\t\t\t\t\t\t\t\t\t\t\t\t<\/div>\n\t\t\t\t<\/div>\n\t\t\t\t\t<\/div>\n\t\t<\/div>\n\t\t\t\t\t<\/div>\n\t\t<\/section>\n\t\t\t\t<section class=\"elementor-section elementor-top-section elementor-element elementor-element-c6e00ad elementor-section-boxed elementor-section-height-default elementor-section-height-default\" data-id=\"c6e00ad\" data-element_type=\"section\">\n\t\t\t\t\t\t<div class=\"elementor-container elementor-column-gap-default\">\n\t\t\t\t\t<div class=\"elementor-column elementor-col-50 elementor-top-column elementor-element elementor-element-a2cc50c\" data-id=\"a2cc50c\" data-element_type=\"column\">\n\t\t\t<div class=\"elementor-widget-wrap elementor-element-populated\">\n\t\t\t\t\t\t<div class=\"elementor-element elementor-element-60a49ab elementor-widget elementor-widget-heading\" data-id=\"60a49ab\" data-element_type=\"widget\" data-widget_type=\"heading.default\">\n\t\t\t\t<div class=\"elementor-widget-container\">\n\t\t\t<style>\/*! elementor - v3.22.0 - 26-06-2024 *\/\n.elementor-heading-title{padding:0;margin:0;line-height:1}.elementor-widget-heading .elementor-heading-title[class*=elementor-size-]>a{color:inherit;font-size:inherit;line-height:inherit}.elementor-widget-heading .elementor-heading-title.elementor-size-small{font-size:15px}.elementor-widget-heading .elementor-heading-title.elementor-size-medium{font-size:19px}.elementor-widget-heading .elementor-heading-title.elementor-size-large{font-size:29px}.elementor-widget-heading .elementor-heading-title.elementor-size-xl{font-size:39px}.elementor-widget-heading .elementor-heading-title.elementor-size-xxl{font-size:59px}<\/style><h1 class=\"elementor-heading-title elementor-size-default\">Busreisen & Reisegruppen<\/h1>\t\t<\/div>\n\t\t\t\t<\/div>\n\t\t\t\t\t<\/div>\n\t\t<\/div>\n\t\t\t\t<div class=\"elementor-column elementor-col-50 elementor-top-column elementor-element elementor-element-9bac57f\" data-id=\"9bac57f\" data-element_type=\"column\">\n\t\t\t<div class=\"elementor-widget-wrap elementor-element-populated\">\n\t\t\t\t\t\t<div class=\"elementor-element elementor-element-40f3697 elementor-widget elementor-widget-text-editor\" data-id=\"40f3697\" data-element_type=\"widget\" data-widget_type=\"text-editor.default\">\n\t\t\t\t<div class=\"elementor-widget-container\">\n\t\t\t<style>\/*! elementor - v3.22.0 - 26-06-2024 *\/\n.elementor-widget-text-editor.elementor-drop-cap-view-stacked .elementor-drop-cap{background-color:#69727d;color:#fff}.elementor-widget-text-editor.elementor-drop-cap-view-framed .elementor-drop-cap{color:#69727d;border:3px solid;background-color:transparent}.elementor-widget-text-editor:not(.elementor-drop-cap-view-default) .elementor-drop-cap{margin-top:8px}.elementor-widget-text-editor:not(.elementor-drop-cap-view-default) .elementor-drop-cap-letter{width:1em;height:1em}.elementor-widget-text-editor .elementor-drop-cap{float:left;text-align:center;line-height:1;font-size:50px}.elementor-widget-text-editor .elementor-drop-cap-letter{display:inline-block}<\/style>\t\t\t\t<p class=\"bodytext\">Unser Miniaturpark Kleine S\u00e4chsische Schweiz liegt am Weg zur weltber\u00fchmten Bastei und ist ein lohnenswertes Ausflugsziel f\u00fcr Reisegruppen welche nur kurz in der Region verweilen. Eingestimmt durch die fantastische Fernsicht der 194 m \u00fcber dem Elbspiegel gelegenen Aussichtsplattform der Bastei bekommt man im Miniaturpark einen detailreichen Einblick in die Landschaft, seine Felsformation und auch zu touristischen Sehensw\u00fcrdigkeiten und Ausflugsziele der S\u00e4chsisch-B\u00f6hmischen Schweiz. Bei einer F\u00fchrung durch den Miniaturpark mit anschlie\u00dfender Filmvorf\u00fchrung eines Kurzfilmes \u00fcber die Sch\u00f6nheit des Elbsandsteingebirges lernen Sie dieses Gebiet kennen.<\/p><p class=\"bodytext\">Eine Parkf\u00fchrung mit Filmvorf\u00fchrung dauert ca. 60 Minuten. Reisegruppen sollten <br \/>ca. 90 Minuten f\u00fcr den Aufenthalt in der Miniaturparkanlage einplanen.<\/p><p><strong>Bus-Anfahrt<\/strong><\/p><p class=\"bodytext\">Fahren Sie von Pirna Richtung Stadt Wehlen bis Dorf Wehlen. F\u00fcr Reisebusse besteht die M\u00f6glichkeit, zum Ein- und Aussteigen, die \u00f6ffentliche Bushaltestelle &#8222;Kleine S\u00e4chsische Schweiz&#8220; zu nutzen. Der Bus parkt am Ortsein- bzw. Ortsausgang. F\u00fcr den Busfahrertransfer sorgen wir.<\/p><p><strong>Anmeldung:<\/strong><\/p><p class=\"bodytext\">Tel.: 03 50 24 \/ 7 06 31 <br \/>Fax: 03 50 24 \/ 7 97 59<br \/>E-Mail: Info@kleine-saechsische-schweiz.de<\/p><p><strong>Gastronomie<\/strong><\/p><p class=\"bodytext\">Gleich nebenan finden Sie die Gastst\u00e4tte &#8222;Zur alten S\u00e4ge&#8220;: Es stehen 40 Pl\u00e4tze im Gastraum und 55 Pl\u00e4tze im historischen Kreuzgew\u00f6lbe zur Verf\u00fcgung. Bei sch\u00f6nem Wetter l\u00e4dt der Wirt Sie auch gern in den Biergarten ein. Die Gastst\u00e4tte auf einem ehemaligen Bauerngeh\u00f6ft, einem Vierseitenhof aus dem 17. Jahrhundert, ist weithin bekannt f\u00fcr seine preiswerte und gute K\u00fcche und seinen gastfreundlichen, famili\u00e4ren Service.<\/p><p><strong>Reservierung:<\/strong><\/p><p class=\"bodytext\">Tel.: 03 50 24 \/ 7 06 22<br \/>Fax: 03 50 24 \/ 7 13 52<br \/>E-Mail: info@pension-zur-alten-saege.de<\/p>\t\t\t\t\t\t<\/div>\n\t\t\t\t<\/div>\n\t\t\t\t\t<\/div>\n\t\t<\/div>\n\t\t\t\t\t<\/div>\n\t\t<\/section>\n\t\t\t\t<section class=\"elementor-section elementor-top-section elementor-element elementor-element-2733f42 no-padding elementor-section-boxed elementor-section-height-default elementor-section-height-default\" data-id=\"2733f42\" data-element_type=\"section\">\n\t\t\t\t\t\t<div class=\"elementor-container elementor-column-gap-default\">\n\t\t\t\t\t<div class=\"elementor-column elementor-col-100 elementor-top-column elementor-element elementor-element-ba493aa\" data-id=\"ba493aa\" data-element_type=\"column\">\n\t\t\t<div class=\"elementor-widget-wrap elementor-element-populated\">\n\t\t\t\t\t\t<div class=\"elementor-element elementor-element-3a43b74 elementor-widget elementor-widget-image\" data-id=\"3a43b74\" data-element_type=\"widget\" data-widget_type=\"image.default\">\n\t\t\t\t<div class=\"elementor-widget-container\">\n\t\t\t\t\t\t\t\t\t\t\t\t\t<img decoding=\"async\" width=\"1540\" height=\"600\" src=\"https:\/\/itanumit.de\/kleine-saechsische-schweiz.de\/wp-content\/uploads\/2021\/09\/miniaturpark-saechsische-schweiz-03-1540x600.jpg\" class=\"attachment-Titelbild size-Titelbild wp-image-605\" alt=\"\" \/>\t\t\t\t\t\t\t\t\t\t\t\t\t<\/div>\n\t\t\t\t<\/div>\n\t\t\t\t\t<\/div>\n\t\t<\/div>\n\t\t\t\t\t<\/div>\n\t\t<\/section>\n\t\t\t\t<section class=\"elementor-section elementor-top-section elementor-element elementor-element-e0e1a98 elementor-section-boxed elementor-section-height-default elementor-section-height-default\" data-id=\"e0e1a98\" data-element_type=\"section\">\n\t\t\t\t\t\t<div class=\"elementor-container elementor-column-gap-default\">\n\t\t\t\t\t<div class=\"elementor-column elementor-col-50 elementor-top-column elementor-element elementor-element-4a7c47d\" data-id=\"4a7c47d\" data-element_type=\"column\">\n\t\t\t<div class=\"elementor-widget-wrap elementor-element-populated\">\n\t\t\t\t\t\t<div class=\"elementor-element elementor-element-97284c0 elementor-widget elementor-widget-heading\" data-id=\"97284c0\" data-element_type=\"widget\" data-widget_type=\"heading.default\">\n\t\t\t\t<div class=\"elementor-widget-container\">\n\t\t\t<h2 class=\"elementor-heading-title elementor-size-default\">Senioren<\/h2>\t\t<\/div>\n\t\t\t\t<\/div>\n\t\t\t\t\t<\/div>\n\t\t<\/div>\n\t\t\t\t<div class=\"elementor-column elementor-col-50 elementor-top-column elementor-element elementor-element-dba8ace\" data-id=\"dba8ace\" data-element_type=\"column\">\n\t\t\t<div class=\"elementor-widget-wrap elementor-element-populated\">\n\t\t\t\t\t\t<div class=\"elementor-element elementor-element-8820d58 elementor-widget elementor-widget-text-editor\" data-id=\"8820d58\" data-element_type=\"widget\" data-widget_type=\"text-editor.default\">\n\t\t\t\t<div class=\"elementor-widget-container\">\n\t\t\t\t\t\t\t<p class=\"bodytext\">Seniorenheime aus der n\u00e4heren Umgebung suchen oft ein Ziel f\u00fcr Ausflugs- oder Kaffeefahrten f\u00fcr ihre Heimbewohner. Der Miniaturpark mit der Pension &amp; Gastst\u00e4tte \u201eZur alten S\u00e4ge\u201c, direkt nebenan, bietet eine ideale Kombination f\u00fcr einen interessanten, beschaulichen Parkrundgang und einer anschlie\u00dfenden gem\u00fctlichen Kaffeerunde. Unsere mit breiten, ebenen Wegen\u00a0 ausgestattete Parkanlage (auch f\u00fcr Rollstuhlfahrer in Begleitung geeignet), verschiedene Ruheb\u00e4nke, ja selbst eine Fahrt mit der Miniatur-Bergbahn bieten Senioren ein abwechslungsreiches Ausflugsziel. Ein Besuch in der Kleinen S\u00e4chsischen Schweiz erinnert vielleicht an die eine oder andere Wanderung zu einem Ausflugsziel im Elbsandsteingebirge in fr\u00fcheren Zeiten. In unserem Heimatkino k\u00f6nnen Sie sich au\u00dferdem sch\u00f6ne Landschaftsfilme \u00fcber die S\u00e4chsische Schweiz ansehen.<\/p><p class=\"bodytext\">Gern vermitteln wir Ihnen auch einen anschlie\u00dfenden Besuch in der Gastst\u00e4tte mit Kaffee und Kuchen.<\/p><p class=\"bodytext\">Eine Anmeldung f\u00fcr den Parkbesuch oder auch auf Wunsch mit Gastst\u00e4ttenaufenthalt k\u00f6nnen Sie telefonisch, per Fax oder E-Mail vornehmen.<\/p><p class=\"bodytext\">Tel.: 03 50 24 \/ 7 06 31<br \/>Fax: 03 50 24 \/ 7 97 59<br \/>E-Mail:<a class=\"mail\" title=\"\u00d6ffnet ein Fenster zum Versenden der E-Mail\"> info@kleine-saechsische-schweiz.de<\/a><\/p>\t\t\t\t\t\t<\/div>\n\t\t\t\t<\/div>\n\t\t\t\t\t<\/div>\n\t\t<\/div>\n\t\t\t\t\t<\/div>\n\t\t<\/section>\n\t\t\t\t<\/div>\n\t\t","protected":false},"excerpt":{"rendered":"<p>Busreisen &#038; Reisegruppen Unser Miniaturpark Kleine S\u00e4chsische Schweiz liegt am Weg zur weltber\u00fchmten Bastei und ist ein lohnenswertes Ausflugsziel f\u00fcr Reisegruppen welche nur kurz in der Region verweilen. Eingestimmt durch die fantastische Fernsicht der 194 m \u00fcber dem Elbspiegel gelegenen Aussichtsplattform der Bastei bekommt man im Miniaturpark einen detailreichen Einblick in die Landschaft, seine Felsformation [&hellip;]<\/p>\n","protected":false},"author":2,"featured_media":0,"parent":0,"menu_order":0,"comment_status":"closed","ping_status":"closed","template":"elementor_header_footer","meta":{"footnotes":""},"class_list":["post-421","page","type-page","status-publish","hentry","entry","owp-thumbs-layout-horizontal","owp-btn-normal","owp-tabs-layout-horizontal","has-no-thumbnails"],"yoast_head":"<!-- This site is optimized with the Yoast SEO plugin v23.0 - https:\/\/yoast.com\/wordpress\/plugins\/seo\/ -->\n<title>Reisegruppen, Senioren Tagesausfl\u00fcge - Miniaturpark<\/title>\n<meta name=\"description\" content=\"Parkeisenbahn &amp; Miniaturpark Kleine S\u00e4chsische Schweiz: Ein perfektes Ziel f\u00fcr Busreisen, Reisegruppen, Senioren \u2013 Zug\u00e4nglich f\u00fcr Rollstuhlfahrer.\" \/>\n<meta name=\"robots\" content=\"index, follow, max-snippet:-1, max-image-preview:large, max-video-preview:-1\" \/>\n<link rel=\"canonical\" href=\"https:\/\/itanumit.de\/kleine-saechsische-schweiz.de\/gruppen\/\" \/>\n<meta property=\"og:locale\" content=\"de_DE\" \/>\n<meta property=\"og:type\" content=\"article\" \/>\n<meta property=\"og:title\" content=\"Reisegruppen, Senioren Tagesausfl\u00fcge - Miniaturpark\" \/>\n<meta property=\"og:description\" content=\"Parkeisenbahn &amp; Miniaturpark Kleine S\u00e4chsische Schweiz: Ein perfektes Ziel f\u00fcr Busreisen, Reisegruppen, Senioren \u2013 Zug\u00e4nglich f\u00fcr Rollstuhlfahrer.\" \/>\n<meta property=\"og:url\" content=\"https:\/\/itanumit.de\/kleine-saechsische-schweiz.de\/gruppen\/\" \/>\n<meta property=\"og:site_name\" content=\"Miniaturpark Kleine S\u00e4chsische Schweiz\" \/>\n<meta property=\"article:modified_time\" content=\"2024-03-24T13:51:36+00:00\" \/>\n<meta property=\"og:image\" content=\"https:\/\/itanumit.de\/kleine-saechsische-schweiz.de\/wp-content\/uploads\/2021\/09\/ksss-reisegruppen-senioren-1540x600.jpg\" \/>\n<meta name=\"twitter:card\" content=\"summary_large_image\" \/>\n<meta name=\"twitter:label1\" content=\"Gesch\u00e4tzte Lesezeit\" \/>\n\t<meta name=\"twitter:data1\" content=\"3\u00a0Minuten\" \/>\n<script type=\"application\/ld+json\" class=\"yoast-schema-graph\">{\"@context\":\"https:\/\/schema.org\",\"@graph\":[{\"@type\":\"WebPage\",\"@id\":\"https:\/\/itanumit.de\/kleine-saechsische-schweiz.de\/gruppen\/\",\"url\":\"https:\/\/itanumit.de\/kleine-saechsische-schweiz.de\/gruppen\/\",\"name\":\"Reisegruppen, Senioren Tagesausfl\u00fcge - Miniaturpark\",\"isPartOf\":{\"@id\":\"https:\/\/itanumit.de\/kleine-saechsische-schweiz.de\/#website\"},\"primaryImageOfPage\":{\"@id\":\"https:\/\/itanumit.de\/kleine-saechsische-schweiz.de\/gruppen\/#primaryimage\"},\"image\":{\"@id\":\"https:\/\/itanumit.de\/kleine-saechsische-schweiz.de\/gruppen\/#primaryimage\"},\"thumbnailUrl\":\"https:\/\/itanumit.de\/kleine-saechsische-schweiz.de\/wp-content\/uploads\/2021\/09\/ksss-reisegruppen-senioren-1540x600.jpg\",\"datePublished\":\"2021-09-20T11:22:36+00:00\",\"dateModified\":\"2024-03-24T13:51:36+00:00\",\"description\":\"Parkeisenbahn & Miniaturpark Kleine S\u00e4chsische Schweiz: Ein perfektes Ziel f\u00fcr Busreisen, Reisegruppen, Senioren \u2013 Zug\u00e4nglich f\u00fcr Rollstuhlfahrer.\",\"breadcrumb\":{\"@id\":\"https:\/\/itanumit.de\/kleine-saechsische-schweiz.de\/gruppen\/#breadcrumb\"},\"inLanguage\":\"de\",\"potentialAction\":[{\"@type\":\"ReadAction\",\"target\":[\"https:\/\/itanumit.de\/kleine-saechsische-schweiz.de\/gruppen\/\"]}]},{\"@type\":\"ImageObject\",\"inLanguage\":\"de\",\"@id\":\"https:\/\/itanumit.de\/kleine-saechsische-schweiz.de\/gruppen\/#primaryimage\",\"url\":\"https:\/\/itanumit.de\/kleine-saechsische-schweiz.de\/wp-content\/uploads\/2021\/09\/ksss-reisegruppen-senioren.jpg\",\"contentUrl\":\"https:\/\/itanumit.de\/kleine-saechsische-schweiz.de\/wp-content\/uploads\/2021\/09\/ksss-reisegruppen-senioren.jpg\",\"width\":1920,\"height\":1101},{\"@type\":\"BreadcrumbList\",\"@id\":\"https:\/\/itanumit.de\/kleine-saechsische-schweiz.de\/gruppen\/#breadcrumb\",\"itemListElement\":[{\"@type\":\"ListItem\",\"position\":1,\"name\":\"Startseite\",\"item\":\"https:\/\/itanumit.de\/kleine-saechsische-schweiz.de\/\"},{\"@type\":\"ListItem\",\"position\":2,\"name\":\"Gruppen\"}]},{\"@type\":\"WebSite\",\"@id\":\"https:\/\/itanumit.de\/kleine-saechsische-schweiz.de\/#website\",\"url\":\"https:\/\/itanumit.de\/kleine-saechsische-schweiz.de\/\",\"name\":\"Miniaturpark Kleine S\u00e4chsische Schweiz\",\"description\":\"\",\"publisher\":{\"@id\":\"https:\/\/itanumit.de\/kleine-saechsische-schweiz.de\/#organization\"},\"potentialAction\":[{\"@type\":\"SearchAction\",\"target\":{\"@type\":\"EntryPoint\",\"urlTemplate\":\"https:\/\/itanumit.de\/kleine-saechsische-schweiz.de\/?s={search_term_string}\"},\"query-input\":\"required name=search_term_string\"}],\"inLanguage\":\"de\"},{\"@type\":\"Organization\",\"@id\":\"https:\/\/itanumit.de\/kleine-saechsische-schweiz.de\/#organization\",\"name\":\"Miniaturpark Kleine S\u00e4chsische Schweiz\",\"url\":\"https:\/\/itanumit.de\/kleine-saechsische-schweiz.de\/\",\"logo\":{\"@type\":\"ImageObject\",\"inLanguage\":\"de\",\"@id\":\"https:\/\/itanumit.de\/kleine-saechsische-schweiz.de\/#\/schema\/logo\/image\/\",\"url\":\"https:\/\/itanumit.de\/kleine-saechsische-schweiz.de\/wp-content\/uploads\/2021\/07\/cropped-miniaturpark-kleine-saechsische-schweiz.png\",\"contentUrl\":\"https:\/\/itanumit.de\/kleine-saechsische-schweiz.de\/wp-content\/uploads\/2021\/07\/cropped-miniaturpark-kleine-saechsische-schweiz.png\",\"width\":508,\"height\":192,\"caption\":\"Miniaturpark Kleine S\u00e4chsische Schweiz\"},\"image\":{\"@id\":\"https:\/\/itanumit.de\/kleine-saechsische-schweiz.de\/#\/schema\/logo\/image\/\"}}]}<\/script>\n<!-- \/ Yoast SEO plugin. -->","yoast_head_json":{"title":"Reisegruppen, Senioren Tagesausfl\u00fcge - Miniaturpark","description":"Parkeisenbahn & Miniaturpark Kleine S\u00e4chsische Schweiz: Ein perfektes Ziel f\u00fcr Busreisen, Reisegruppen, Senioren \u2013 Zug\u00e4nglich f\u00fcr Rollstuhlfahrer.","robots":{"index":"index","follow":"follow","max-snippet":"max-snippet:-1","max-image-preview":"max-image-preview:large","max-video-preview":"max-video-preview:-1"},"canonical":"https:\/\/itanumit.de\/kleine-saechsische-schweiz.de\/gruppen\/","og_locale":"de_DE","og_type":"article","og_title":"Reisegruppen, Senioren Tagesausfl\u00fcge - Miniaturpark","og_description":"Parkeisenbahn & Miniaturpark Kleine S\u00e4chsische Schweiz: Ein perfektes Ziel f\u00fcr Busreisen, Reisegruppen, Senioren \u2013 Zug\u00e4nglich f\u00fcr Rollstuhlfahrer.","og_url":"https:\/\/itanumit.de\/kleine-saechsische-schweiz.de\/gruppen\/","og_site_name":"Miniaturpark Kleine S\u00e4chsische Schweiz","article_modified_time":"2024-03-24T13:51:36+00:00","og_image":[{"url":"https:\/\/itanumit.de\/kleine-saechsische-schweiz.de\/wp-content\/uploads\/2021\/09\/ksss-reisegruppen-senioren-1540x600.jpg"}],"twitter_card":"summary_large_image","twitter_misc":{"Gesch\u00e4tzte Lesezeit":"3\u00a0Minuten"},"schema":{"@context":"https:\/\/schema.org","@graph":[{"@type":"WebPage","@id":"https:\/\/itanumit.de\/kleine-saechsische-schweiz.de\/gruppen\/","url":"https:\/\/itanumit.de\/kleine-saechsische-schweiz.de\/gruppen\/","name":"Reisegruppen, Senioren Tagesausfl\u00fcge - Miniaturpark","isPartOf":{"@id":"https:\/\/itanumit.de\/kleine-saechsische-schweiz.de\/#website"},"primaryImageOfPage":{"@id":"https:\/\/itanumit.de\/kleine-saechsische-schweiz.de\/gruppen\/#primaryimage"},"image":{"@id":"https:\/\/itanumit.de\/kleine-saechsische-schweiz.de\/gruppen\/#primaryimage"},"thumbnailUrl":"https:\/\/itanumit.de\/kleine-saechsische-schweiz.de\/wp-content\/uploads\/2021\/09\/ksss-reisegruppen-senioren-1540x600.jpg","datePublished":"2021-09-20T11:22:36+00:00","dateModified":"2024-03-24T13:51:36+00:00","description":"Parkeisenbahn & Miniaturpark Kleine S\u00e4chsische Schweiz: Ein perfektes Ziel f\u00fcr Busreisen, Reisegruppen, Senioren \u2013 Zug\u00e4nglich f\u00fcr Rollstuhlfahrer.","breadcrumb":{"@id":"https:\/\/itanumit.de\/kleine-saechsische-schweiz.de\/gruppen\/#breadcrumb"},"inLanguage":"de","potentialAction":[{"@type":"ReadAction","target":["https:\/\/itanumit.de\/kleine-saechsische-schweiz.de\/gruppen\/"]}]},{"@type":"ImageObject","inLanguage":"de","@id":"https:\/\/itanumit.de\/kleine-saechsische-schweiz.de\/gruppen\/#primaryimage","url":"https:\/\/itanumit.de\/kleine-saechsische-schweiz.de\/wp-content\/uploads\/2021\/09\/ksss-reisegruppen-senioren.jpg","contentUrl":"https:\/\/itanumit.de\/kleine-saechsische-schweiz.de\/wp-content\/uploads\/2021\/09\/ksss-reisegruppen-senioren.jpg","width":1920,"height":1101},{"@type":"BreadcrumbList","@id":"https:\/\/itanumit.de\/kleine-saechsische-schweiz.de\/gruppen\/#breadcrumb","itemListElement":[{"@type":"ListItem","position":1,"name":"Startseite","item":"https:\/\/itanumit.de\/kleine-saechsische-schweiz.de\/"},{"@type":"ListItem","position":2,"name":"Gruppen"}]},{"@type":"WebSite","@id":"https:\/\/itanumit.de\/kleine-saechsische-schweiz.de\/#website","url":"https:\/\/itanumit.de\/kleine-saechsische-schweiz.de\/","name":"Miniaturpark Kleine S\u00e4chsische Schweiz","description":"","publisher":{"@id":"https:\/\/itanumit.de\/kleine-saechsische-schweiz.de\/#organization"},"potentialAction":[{"@type":"SearchAction","target":{"@type":"EntryPoint","urlTemplate":"https:\/\/itanumit.de\/kleine-saechsische-schweiz.de\/?s={search_term_string}"},"query-input":"required name=search_term_string"}],"inLanguage":"de"},{"@type":"Organization","@id":"https:\/\/itanumit.de\/kleine-saechsische-schweiz.de\/#organization","name":"Miniaturpark Kleine S\u00e4chsische Schweiz","url":"https:\/\/itanumit.de\/kleine-saechsische-schweiz.de\/","logo":{"@type":"ImageObject","inLanguage":"de","@id":"https:\/\/itanumit.de\/kleine-saechsische-schweiz.de\/#\/schema\/logo\/image\/","url":"https:\/\/itanumit.de\/kleine-saechsische-schweiz.de\/wp-content\/uploads\/2021\/07\/cropped-miniaturpark-kleine-saechsische-schweiz.png","contentUrl":"https:\/\/itanumit.de\/kleine-saechsische-schweiz.de\/wp-content\/uploads\/2021\/07\/cropped-miniaturpark-kleine-saechsische-schweiz.png","width":508,"height":192,"caption":"Miniaturpark Kleine S\u00e4chsische Schweiz"},"image":{"@id":"https:\/\/itanumit.de\/kleine-saechsische-schweiz.de\/#\/schema\/logo\/image\/"}}]}},"_links":{"self":[{"href":"https:\/\/itanumit.de\/kleine-saechsische-schweiz.de\/wp-json\/wp\/v2\/pages\/421","targetHints":{"allow":["GET"]}}],"collection":[{"href":"https:\/\/itanumit.de\/kleine-saechsische-schweiz.de\/wp-json\/wp\/v2\/pages"}],"about":[{"href":"https:\/\/itanumit.de\/kleine-saechsische-schweiz.de\/wp-json\/wp\/v2\/types\/page"}],"author":[{"embeddable":true,"href":"https:\/\/itanumit.de\/kleine-saechsische-schweiz.de\/wp-json\/wp\/v2\/users\/2"}],"replies":[{"embeddable":true,"href":"https:\/\/itanumit.de\/kleine-saechsische-schweiz.de\/wp-json\/wp\/v2\/comments?post=421"}],"version-history":[{"count":16,"href":"https:\/\/itanumit.de\/kleine-saechsische-schweiz.de\/wp-json\/wp\/v2\/pages\/421\/revisions"}],"predecessor-version":[{"id":4533,"href":"https:\/\/itanumit.de\/kleine-saechsische-schweiz.de\/wp-json\/wp\/v2\/pages\/421\/revisions\/4533"}],"wp:attachment":[{"href":"https:\/\/itanumit.de\/kleine-saechsische-schweiz.de\/wp-json\/wp\/v2\/media?parent=421"}],"curies":[{"name":"wp","href":"https:\/\/api.w.org\/{rel}","templated":true}]}}