{"id":750,"date":"2021-09-23T08:14:30","date_gmt":"2021-09-23T06:14:30","guid":{"rendered":"http:\/\/dev.kleine-saechsische-schweiz.de\/?page_id=750"},"modified":"2024-04-08T21:55:06","modified_gmt":"2024-04-08T19:55:06","slug":"oeffnungszeiten-preise","status":"publish","type":"page","link":"https:\/\/itanumit.de\/kleine-saechsische-schweiz.de\/miniaturpark\/oeffnungszeiten-preise\/","title":{"rendered":"\u00d6ffnungszeiten &#038; Preise"},"content":{"rendered":"\t\t<div data-elementor-type=\"wp-page\" data-elementor-id=\"750\" class=\"elementor elementor-750\" data-elementor-post-type=\"page\">\n\t\t\t\t\t\t<section class=\"elementor-section elementor-top-section elementor-element elementor-element-1066aa57 no-padding elementor-section-boxed elementor-section-height-default elementor-section-height-default\" data-id=\"1066aa57\" data-element_type=\"section\">\n\t\t\t\t\t\t<div class=\"elementor-container elementor-column-gap-default\">\n\t\t\t\t\t<div class=\"elementor-column elementor-col-100 elementor-top-column elementor-element elementor-element-182aa59\" data-id=\"182aa59\" data-element_type=\"column\">\n\t\t\t<div class=\"elementor-widget-wrap elementor-element-populated\">\n\t\t\t\t\t\t<div class=\"elementor-element elementor-element-664fd19b elementor-widget elementor-widget-image\" data-id=\"664fd19b\" data-element_type=\"widget\" data-widget_type=\"image.default\">\n\t\t\t\t<div class=\"elementor-widget-container\">\n\t\t\t<style>\/*! elementor - v3.22.0 - 26-06-2024 *\/\n.elementor-widget-image{text-align:center}.elementor-widget-image a{display:inline-block}.elementor-widget-image a img[src$=\".svg\"]{width:48px}.elementor-widget-image img{vertical-align:middle;display:inline-block}<\/style>\t\t\t\t\t\t\t\t\t\t<img fetchpriority=\"high\" decoding=\"async\" width=\"1440\" height=\"600\" src=\"https:\/\/itanumit.de\/kleine-saechsische-schweiz.de\/wp-content\/uploads\/2021\/09\/oeffnungszeiten-1440x600.jpg\" class=\"attachment-Titelbild size-Titelbild wp-image-794\" alt=\"\" \/>\t\t\t\t\t\t\t\t\t\t\t\t\t<\/div>\n\t\t\t\t<\/div>\n\t\t\t\t\t<\/div>\n\t\t<\/div>\n\t\t\t\t\t<\/div>\n\t\t<\/section>\n\t\t\t\t<section class=\"elementor-section elementor-top-section elementor-element elementor-element-6ba06b3 elementor-section-boxed elementor-section-height-default elementor-section-height-default\" data-id=\"6ba06b3\" data-element_type=\"section\">\n\t\t\t\t\t\t<div class=\"elementor-container elementor-column-gap-default\">\n\t\t\t\t\t<div class=\"elementor-column elementor-col-50 elementor-top-column elementor-element elementor-element-72e39e1d\" data-id=\"72e39e1d\" data-element_type=\"column\">\n\t\t\t<div class=\"elementor-widget-wrap elementor-element-populated\">\n\t\t\t\t\t\t<div class=\"elementor-element elementor-element-6ae13d51 elementor-widget elementor-widget-heading\" data-id=\"6ae13d51\" data-element_type=\"widget\" data-widget_type=\"heading.default\">\n\t\t\t\t<div class=\"elementor-widget-container\">\n\t\t\t<style>\/*! elementor - v3.22.0 - 26-06-2024 *\/\n.elementor-heading-title{padding:0;margin:0;line-height:1}.elementor-widget-heading .elementor-heading-title[class*=elementor-size-]>a{color:inherit;font-size:inherit;line-height:inherit}.elementor-widget-heading .elementor-heading-title.elementor-size-small{font-size:15px}.elementor-widget-heading .elementor-heading-title.elementor-size-medium{font-size:19px}.elementor-widget-heading .elementor-heading-title.elementor-size-large{font-size:29px}.elementor-widget-heading .elementor-heading-title.elementor-size-xl{font-size:39px}.elementor-widget-heading .elementor-heading-title.elementor-size-xxl{font-size:59px}<\/style><h1 class=\"elementor-heading-title elementor-size-default\">\u00d6ffnungszeiten<\/h1>\t\t<\/div>\n\t\t\t\t<\/div>\n\t\t\t\t\t<\/div>\n\t\t<\/div>\n\t\t\t\t<div class=\"elementor-column elementor-col-50 elementor-top-column elementor-element elementor-element-2d3924e1\" data-id=\"2d3924e1\" data-element_type=\"column\">\n\t\t\t<div class=\"elementor-widget-wrap elementor-element-populated\">\n\t\t\t\t\t\t<div class=\"elementor-element elementor-element-227130d0 elementor-widget elementor-widget-text-editor\" data-id=\"227130d0\" data-element_type=\"widget\" data-widget_type=\"text-editor.default\">\n\t\t\t\t<div class=\"elementor-widget-container\">\n\t\t\t<style>\/*! elementor - v3.22.0 - 26-06-2024 *\/\n.elementor-widget-text-editor.elementor-drop-cap-view-stacked .elementor-drop-cap{background-color:#69727d;color:#fff}.elementor-widget-text-editor.elementor-drop-cap-view-framed .elementor-drop-cap{color:#69727d;border:3px solid;background-color:transparent}.elementor-widget-text-editor:not(.elementor-drop-cap-view-default) .elementor-drop-cap{margin-top:8px}.elementor-widget-text-editor:not(.elementor-drop-cap-view-default) .elementor-drop-cap-letter{width:1em;height:1em}.elementor-widget-text-editor .elementor-drop-cap{float:left;text-align:center;line-height:1;font-size:50px}.elementor-widget-text-editor .elementor-drop-cap-letter{display:inline-block}<\/style>\t\t\t\t<p><b>25.03.2024 &#8211; 19.06.2024:<\/b><br \/>\u00d6ffnungszeiten: T\u00e4glich von 10:00 bis 17:30 Uhr. Der letzte Einlass erfolgt um 16:00 Uhr.<\/p><p><b>20.06.2024 &#8211; 31.10.2024:<\/b><br \/>\u00d6ffnungszeiten: T\u00e4glich von 10:00 bis 18:00 Uhr. Der letzte Einlass erfolgt um 16:30 Uhr.<\/p><p><b>Spezielle Events:<\/b><br \/>Nat\u00fcrlich haben wir auch spezielle Veranstaltungen f\u00fcr Sie vorbereitet! Schauen Sie sich unsere <a href=\"https:\/\/itanumit.de\/kleine-saechsische-schweiz.de\/#events-section\">Events<\/a> an und informieren Sie sich \u00fcber die \u00d6ffnungszeiten.<\/p><p>Wir freuen uns auf Ihren Besuch<\/p><p><span style=\"font-size: 17px; font-weight: 300;\">Herzlichst Ihr Team der \u201eKleinen S\u00e4chsischen Schweiz<\/span><span style=\"font-size: 17px; font-weight: 300;\">\u201c<\/span><\/p>\t\t\t\t\t\t<\/div>\n\t\t\t\t<\/div>\n\t\t\t\t\t<\/div>\n\t\t<\/div>\n\t\t\t\t\t<\/div>\n\t\t<\/section>\n\t\t\t\t<section class=\"elementor-section elementor-top-section elementor-element elementor-element-171e16be no-padding elementor-section-boxed elementor-section-height-default elementor-section-height-default\" data-id=\"171e16be\" data-element_type=\"section\">\n\t\t\t\t\t\t<div class=\"elementor-container elementor-column-gap-default\">\n\t\t\t\t\t<div class=\"elementor-column elementor-col-50 elementor-top-column elementor-element elementor-element-15a981af\" data-id=\"15a981af\" data-element_type=\"column\">\n\t\t\t<div class=\"elementor-widget-wrap elementor-element-populated\">\n\t\t\t\t\t\t<div class=\"elementor-element elementor-element-438ec079 elementor-widget elementor-widget-heading\" data-id=\"438ec079\" data-element_type=\"widget\" data-widget_type=\"heading.default\">\n\t\t\t\t<div class=\"elementor-widget-container\">\n\t\t\t<h2 class=\"elementor-heading-title elementor-size-default\">Preise<\/h2>\t\t<\/div>\n\t\t\t\t<\/div>\n\t\t\t\t\t<\/div>\n\t\t<\/div>\n\t\t\t\t<div class=\"elementor-column elementor-col-50 elementor-top-column elementor-element elementor-element-15bdad44\" data-id=\"15bdad44\" data-element_type=\"column\">\n\t\t\t<div class=\"elementor-widget-wrap elementor-element-populated\">\n\t\t\t\t\t\t<div class=\"elementor-element elementor-element-7d179f47 elementor-widget elementor-widget-text-editor\" data-id=\"7d179f47\" data-element_type=\"widget\" data-widget_type=\"text-editor.default\">\n\t\t\t\t<div class=\"elementor-widget-container\">\n\t\t\t\t\t\t\t<div class=\"ce_text block\"><table class=\"table\"><thead><tr><th>Eintrittspreise<\/th><th>Gruppenpreise (ab 10 Pers.)<\/th><\/tr><\/thead><tbody><tr><td>Erwachsene 12.00 \u20ac<\/td><td>Erwachsene 10.00 \u20ac<\/td><\/tr><tr><td><p>Erm\u00e4\u00dfigt 8<span style=\"font-size: 17px; font-weight: 300;\">.00 \u20ac<\/span><\/p><p>Kinder 3-17 Jahre<\/p><p>Schwerbesch\u00e4digte\/ Begleitpersonen<\/p><\/td><td><p>Erm\u00e4\u00dfigt 6.00 \u20ac<br \/>GRUPPENPREIS (AB 20PERS.)<br \/>Erwachsene 9,00 \u20ac<br \/>Erm\u00e4\u00dfigt 5,00 \u20ac<\/p><\/td><\/tr><tr><td>Familienkarte 30.00 \u20ac<br \/>g\u00fcltig f\u00fcr (2 Erwachsene, eigene Kinder\/Enkel unbegrenzt, <br \/>Kinder bis 17 Jahre)<br \/>FamilienJahreskarte: 75,00 \u20ac. Der Aktionspreis betr\u00e4gt 55,00 \u20ac und ist bis zum 15.04.24 g\u00fcltig.<\/td><td>\u00a0<\/td><\/tr><\/tbody><\/table><\/div><div class=\"ce_text block\"><table class=\"table\"><thead><tr><th><strong>Bergbahn<\/strong><\/th><th>Parkf\u00fchrung<\/th><\/tr><\/thead><tbody><tr><td><p>1 Fahrt pro Person: 1,50 \u20ac (Tal &#8211; Berg \/ Berg &#8211; Tal)<\/p><p>1 Fahrt f\u00fcr die ganze Familie: 5,00 \u20ac (Tal &#8211; Berg \/ Berg &#8211; Tal)<\/p><\/td><td><p>ab 25 Personen: eine kleine Einf\u00fchrung <br \/>(Entstehung, Aufbau usw.) f\u00fcr einmalig 10.00\u20ac<\/p><p>Dauer ca 10 &#8211; 15 Minuten<\/p><\/td><\/tr><tr><td>zus\u00e4tzliche Einzelfahrten 2,00 \u20ac<\/td><td>nur mit Voranmeldung<\/td><\/tr><tr><td>f\u00e4hrt in regelm\u00e4\u00dfigen Abst\u00e4nden<\/td><\/tr><\/tbody><\/table><\/div>\t\t\t\t\t\t<\/div>\n\t\t\t\t<\/div>\n\t\t\t\t<div class=\"elementor-element elementor-element-369fdf3 info-box elementor-widget elementor-widget-text-editor\" data-id=\"369fdf3\" data-element_type=\"widget\" data-widget_type=\"text-editor.default\">\n\t\t\t\t<div class=\"elementor-widget-container\">\n\t\t\t\t\t\t\t<p>Die Parkeisenbahn f\u00e4hrt in regelm\u00e4\u00dfigen Abst\u00e4nden. Im Einsatz sind verschiedene Loks.\u00a0<\/p><p><span style=\"font-family: 'Source Sans Pro', sans-serif; font-style: normal; font-variant-ligatures: normal; font-variant-caps: normal; font-size: 17px; font-weight: bolder;\">Achtung:<\/span><span style=\"font-family: 'Source Sans Pro', sans-serif; font-style: normal; font-variant-ligatures: normal; font-variant-caps: normal; font-size: 17px; font-weight: 300;\">\u00a0<\/span><span style=\"font-size: 17px; font-weight: 300;\">Die Dampflok &#8222;Gerlinde&#8220; f\u00e4hrt nur zu extra bekannt gegebenen Terminen (siehe Dampfbetrieb unter Aktuelles).<\/span><\/p>\t\t\t\t\t\t<\/div>\n\t\t\t\t<\/div>\n\t\t\t\t<div class=\"elementor-element elementor-element-866656c info-box elementor-widget elementor-widget-text-editor\" data-id=\"866656c\" data-element_type=\"widget\" data-widget_type=\"text-editor.default\">\n\t\t\t\t<div class=\"elementor-widget-container\">\n\t\t\t\t\t\t\t<p>Hunde an der Leine erlaubt. (kostenfrei)<br \/>Erm\u00e4\u00dfigt sind Kinder von 3 bis 17 Jahre, Sch\u00fcler, Studenten, Schwerbesch\u00e4digte (mit amtl. Ausweis).<br \/>Alle Preise inkl. Mwst. <br \/>Unser Park ist f\u00fcr Rollstuhlfahrer in Begleitung geeignet.<br \/>Busse sowie Reisegruppen sind herzlich willkommen, sollten jedoch vorher angemeldet sein.<\/p>\t\t\t\t\t\t<\/div>\n\t\t\t\t<\/div>\n\t\t\t\t\t<\/div>\n\t\t<\/div>\n\t\t\t\t\t<\/div>\n\t\t<\/section>\n\t\t\t\t<\/div>\n\t\t","protected":false},"excerpt":{"rendered":"<p>\u00d6ffnungszeiten 25.03.2024 &#8211; 19.06.2024:\u00d6ffnungszeiten: T\u00e4glich von 10:00 bis 17:30 Uhr. Der letzte Einlass erfolgt um 16:00 Uhr. 20.06.2024 &#8211; 31.10.2024:\u00d6ffnungszeiten: T\u00e4glich von 10:00 bis 18:00 Uhr. Der letzte Einlass erfolgt um 16:30 Uhr. Spezielle Events:Nat\u00fcrlich haben wir auch spezielle Veranstaltungen f\u00fcr Sie vorbereitet! Schauen Sie sich unsere Events an und informieren Sie sich \u00fcber die [&hellip;]<\/p>\n","protected":false},"author":2,"featured_media":794,"parent":413,"menu_order":0,"comment_status":"closed","ping_status":"closed","template":"elementor_header_footer","meta":{"footnotes":""},"class_list":["post-750","page","type-page","status-publish","has-post-thumbnail","hentry","entry","has-media","owp-thumbs-layout-horizontal","owp-btn-normal","owp-tabs-layout-horizontal","has-no-thumbnails"],"yoast_head":"<!-- This site is optimized with the Yoast SEO plugin v23.0 - https:\/\/yoast.com\/wordpress\/plugins\/seo\/ -->\n<title>\u00d6ffnungszeiten &amp; Preise - Miniaturpark Kleine S\u00e4chsische Schweiz<\/title>\n<meta name=\"description\" content=\"Hier finden Sie die aktuellen \u00d6ffnungszeiten und Eintrittspreise f\u00fcr den Miniaturpark &#039;Die Kleine S\u00e4chsische Schweiz&#039;.\" \/>\n<meta name=\"robots\" content=\"index, follow, max-snippet:-1, max-image-preview:large, max-video-preview:-1\" \/>\n<link rel=\"canonical\" href=\"https:\/\/itanumit.de\/kleine-saechsische-schweiz.de\/miniaturpark\/oeffnungszeiten-preise\/\" \/>\n<meta property=\"og:locale\" content=\"de_DE\" \/>\n<meta property=\"og:type\" content=\"article\" \/>\n<meta property=\"og:title\" content=\"\u00d6ffnungszeiten &amp; Preise - Miniaturpark Kleine S\u00e4chsische Schweiz\" \/>\n<meta property=\"og:description\" content=\"Hier finden Sie die aktuellen \u00d6ffnungszeiten und Eintrittspreise f\u00fcr den Miniaturpark &#039;Die Kleine S\u00e4chsische Schweiz&#039;.\" \/>\n<meta property=\"og:url\" content=\"https:\/\/itanumit.de\/kleine-saechsische-schweiz.de\/miniaturpark\/oeffnungszeiten-preise\/\" \/>\n<meta property=\"og:site_name\" content=\"Miniaturpark Kleine S\u00e4chsische Schweiz\" \/>\n<meta property=\"article:modified_time\" content=\"2024-04-08T19:55:06+00:00\" \/>\n<meta property=\"og:image\" content=\"https:\/\/itanumit.de\/kleine-saechsische-schweiz.de\/wp-content\/uploads\/2021\/09\/oeffnungszeiten.jpg\" \/>\n\t<meta property=\"og:image:width\" content=\"1440\" \/>\n\t<meta property=\"og:image:height\" content=\"961\" \/>\n\t<meta property=\"og:image:type\" content=\"image\/jpeg\" \/>\n<meta name=\"twitter:card\" content=\"summary_large_image\" \/>\n<meta name=\"twitter:label1\" content=\"Gesch\u00e4tzte Lesezeit\" \/>\n\t<meta name=\"twitter:data1\" content=\"2\u00a0Minuten\" \/>\n<script type=\"application\/ld+json\" class=\"yoast-schema-graph\">{\"@context\":\"https:\/\/schema.org\",\"@graph\":[{\"@type\":\"WebPage\",\"@id\":\"https:\/\/itanumit.de\/kleine-saechsische-schweiz.de\/miniaturpark\/oeffnungszeiten-preise\/\",\"url\":\"https:\/\/itanumit.de\/kleine-saechsische-schweiz.de\/miniaturpark\/oeffnungszeiten-preise\/\",\"name\":\"\u00d6ffnungszeiten & Preise - Miniaturpark Kleine S\u00e4chsische Schweiz\",\"isPartOf\":{\"@id\":\"https:\/\/itanumit.de\/kleine-saechsische-schweiz.de\/#website\"},\"primaryImageOfPage\":{\"@id\":\"https:\/\/itanumit.de\/kleine-saechsische-schweiz.de\/miniaturpark\/oeffnungszeiten-preise\/#primaryimage\"},\"image\":{\"@id\":\"https:\/\/itanumit.de\/kleine-saechsische-schweiz.de\/miniaturpark\/oeffnungszeiten-preise\/#primaryimage\"},\"thumbnailUrl\":\"https:\/\/itanumit.de\/kleine-saechsische-schweiz.de\/wp-content\/uploads\/2021\/09\/oeffnungszeiten.jpg\",\"datePublished\":\"2021-09-23T06:14:30+00:00\",\"dateModified\":\"2024-04-08T19:55:06+00:00\",\"description\":\"Hier finden Sie die aktuellen \u00d6ffnungszeiten und Eintrittspreise f\u00fcr den Miniaturpark 'Die Kleine S\u00e4chsische Schweiz'.\",\"breadcrumb\":{\"@id\":\"https:\/\/itanumit.de\/kleine-saechsische-schweiz.de\/miniaturpark\/oeffnungszeiten-preise\/#breadcrumb\"},\"inLanguage\":\"de\",\"potentialAction\":[{\"@type\":\"ReadAction\",\"target\":[\"https:\/\/itanumit.de\/kleine-saechsische-schweiz.de\/miniaturpark\/oeffnungszeiten-preise\/\"]}]},{\"@type\":\"ImageObject\",\"inLanguage\":\"de\",\"@id\":\"https:\/\/itanumit.de\/kleine-saechsische-schweiz.de\/miniaturpark\/oeffnungszeiten-preise\/#primaryimage\",\"url\":\"https:\/\/itanumit.de\/kleine-saechsische-schweiz.de\/wp-content\/uploads\/2021\/09\/oeffnungszeiten.jpg\",\"contentUrl\":\"https:\/\/itanumit.de\/kleine-saechsische-schweiz.de\/wp-content\/uploads\/2021\/09\/oeffnungszeiten.jpg\",\"width\":1440,\"height\":961},{\"@type\":\"BreadcrumbList\",\"@id\":\"https:\/\/itanumit.de\/kleine-saechsische-schweiz.de\/miniaturpark\/oeffnungszeiten-preise\/#breadcrumb\",\"itemListElement\":[{\"@type\":\"ListItem\",\"position\":1,\"name\":\"Startseite\",\"item\":\"https:\/\/itanumit.de\/kleine-saechsische-schweiz.de\/\"},{\"@type\":\"ListItem\",\"position\":2,\"name\":\"Miniaturpark\",\"item\":\"https:\/\/itanumit.de\/kleine-saechsische-schweiz.de\/miniaturpark\/\"},{\"@type\":\"ListItem\",\"position\":3,\"name\":\"\u00d6ffnungszeiten &#038; Preise\"}]},{\"@type\":\"WebSite\",\"@id\":\"https:\/\/itanumit.de\/kleine-saechsische-schweiz.de\/#website\",\"url\":\"https:\/\/itanumit.de\/kleine-saechsische-schweiz.de\/\",\"name\":\"Miniaturpark Kleine S\u00e4chsische Schweiz\",\"description\":\"\",\"publisher\":{\"@id\":\"https:\/\/itanumit.de\/kleine-saechsische-schweiz.de\/#organization\"},\"potentialAction\":[{\"@type\":\"SearchAction\",\"target\":{\"@type\":\"EntryPoint\",\"urlTemplate\":\"https:\/\/itanumit.de\/kleine-saechsische-schweiz.de\/?s={search_term_string}\"},\"query-input\":\"required name=search_term_string\"}],\"inLanguage\":\"de\"},{\"@type\":\"Organization\",\"@id\":\"https:\/\/itanumit.de\/kleine-saechsische-schweiz.de\/#organization\",\"name\":\"Miniaturpark Kleine S\u00e4chsische Schweiz\",\"url\":\"https:\/\/itanumit.de\/kleine-saechsische-schweiz.de\/\",\"logo\":{\"@type\":\"ImageObject\",\"inLanguage\":\"de\",\"@id\":\"https:\/\/itanumit.de\/kleine-saechsische-schweiz.de\/#\/schema\/logo\/image\/\",\"url\":\"https:\/\/itanumit.de\/kleine-saechsische-schweiz.de\/wp-content\/uploads\/2021\/07\/cropped-miniaturpark-kleine-saechsische-schweiz.png\",\"contentUrl\":\"https:\/\/itanumit.de\/kleine-saechsische-schweiz.de\/wp-content\/uploads\/2021\/07\/cropped-miniaturpark-kleine-saechsische-schweiz.png\",\"width\":508,\"height\":192,\"caption\":\"Miniaturpark Kleine S\u00e4chsische Schweiz\"},\"image\":{\"@id\":\"https:\/\/itanumit.de\/kleine-saechsische-schweiz.de\/#\/schema\/logo\/image\/\"}}]}<\/script>\n<!-- \/ Yoast SEO plugin. -->","yoast_head_json":{"title":"\u00d6ffnungszeiten & Preise - Miniaturpark Kleine S\u00e4chsische Schweiz","description":"Hier finden Sie die aktuellen \u00d6ffnungszeiten und Eintrittspreise f\u00fcr den Miniaturpark 'Die Kleine S\u00e4chsische Schweiz'.","robots":{"index":"index","follow":"follow","max-snippet":"max-snippet:-1","max-image-preview":"max-image-preview:large","max-video-preview":"max-video-preview:-1"},"canonical":"https:\/\/itanumit.de\/kleine-saechsische-schweiz.de\/miniaturpark\/oeffnungszeiten-preise\/","og_locale":"de_DE","og_type":"article","og_title":"\u00d6ffnungszeiten & Preise - Miniaturpark Kleine S\u00e4chsische Schweiz","og_description":"Hier finden Sie die aktuellen \u00d6ffnungszeiten und Eintrittspreise f\u00fcr den Miniaturpark 'Die Kleine S\u00e4chsische Schweiz'.","og_url":"https:\/\/itanumit.de\/kleine-saechsische-schweiz.de\/miniaturpark\/oeffnungszeiten-preise\/","og_site_name":"Miniaturpark Kleine S\u00e4chsische Schweiz","article_modified_time":"2024-04-08T19:55:06+00:00","og_image":[{"width":1440,"height":961,"url":"https:\/\/itanumit.de\/kleine-saechsische-schweiz.de\/wp-content\/uploads\/2021\/09\/oeffnungszeiten.jpg","type":"image\/jpeg"}],"twitter_card":"summary_large_image","twitter_misc":{"Gesch\u00e4tzte Lesezeit":"2\u00a0Minuten"},"schema":{"@context":"https:\/\/schema.org","@graph":[{"@type":"WebPage","@id":"https:\/\/itanumit.de\/kleine-saechsische-schweiz.de\/miniaturpark\/oeffnungszeiten-preise\/","url":"https:\/\/itanumit.de\/kleine-saechsische-schweiz.de\/miniaturpark\/oeffnungszeiten-preise\/","name":"\u00d6ffnungszeiten & Preise - Miniaturpark Kleine S\u00e4chsische Schweiz","isPartOf":{"@id":"https:\/\/itanumit.de\/kleine-saechsische-schweiz.de\/#website"},"primaryImageOfPage":{"@id":"https:\/\/itanumit.de\/kleine-saechsische-schweiz.de\/miniaturpark\/oeffnungszeiten-preise\/#primaryimage"},"image":{"@id":"https:\/\/itanumit.de\/kleine-saechsische-schweiz.de\/miniaturpark\/oeffnungszeiten-preise\/#primaryimage"},"thumbnailUrl":"https:\/\/itanumit.de\/kleine-saechsische-schweiz.de\/wp-content\/uploads\/2021\/09\/oeffnungszeiten.jpg","datePublished":"2021-09-23T06:14:30+00:00","dateModified":"2024-04-08T19:55:06+00:00","description":"Hier finden Sie die aktuellen \u00d6ffnungszeiten und Eintrittspreise f\u00fcr den Miniaturpark 'Die Kleine S\u00e4chsische Schweiz'.","breadcrumb":{"@id":"https:\/\/itanumit.de\/kleine-saechsische-schweiz.de\/miniaturpark\/oeffnungszeiten-preise\/#breadcrumb"},"inLanguage":"de","potentialAction":[{"@type":"ReadAction","target":["https:\/\/itanumit.de\/kleine-saechsische-schweiz.de\/miniaturpark\/oeffnungszeiten-preise\/"]}]},{"@type":"ImageObject","inLanguage":"de","@id":"https:\/\/itanumit.de\/kleine-saechsische-schweiz.de\/miniaturpark\/oeffnungszeiten-preise\/#primaryimage","url":"https:\/\/itanumit.de\/kleine-saechsische-schweiz.de\/wp-content\/uploads\/2021\/09\/oeffnungszeiten.jpg","contentUrl":"https:\/\/itanumit.de\/kleine-saechsische-schweiz.de\/wp-content\/uploads\/2021\/09\/oeffnungszeiten.jpg","width":1440,"height":961},{"@type":"BreadcrumbList","@id":"https:\/\/itanumit.de\/kleine-saechsische-schweiz.de\/miniaturpark\/oeffnungszeiten-preise\/#breadcrumb","itemListElement":[{"@type":"ListItem","position":1,"name":"Startseite","item":"https:\/\/itanumit.de\/kleine-saechsische-schweiz.de\/"},{"@type":"ListItem","position":2,"name":"Miniaturpark","item":"https:\/\/itanumit.de\/kleine-saechsische-schweiz.de\/miniaturpark\/"},{"@type":"ListItem","position":3,"name":"\u00d6ffnungszeiten &#038; Preise"}]},{"@type":"WebSite","@id":"https:\/\/itanumit.de\/kleine-saechsische-schweiz.de\/#website","url":"https:\/\/itanumit.de\/kleine-saechsische-schweiz.de\/","name":"Miniaturpark Kleine S\u00e4chsische Schweiz","description":"","publisher":{"@id":"https:\/\/itanumit.de\/kleine-saechsische-schweiz.de\/#organization"},"potentialAction":[{"@type":"SearchAction","target":{"@type":"EntryPoint","urlTemplate":"https:\/\/itanumit.de\/kleine-saechsische-schweiz.de\/?s={search_term_string}"},"query-input":"required name=search_term_string"}],"inLanguage":"de"},{"@type":"Organization","@id":"https:\/\/itanumit.de\/kleine-saechsische-schweiz.de\/#organization","name":"Miniaturpark Kleine S\u00e4chsische Schweiz","url":"https:\/\/itanumit.de\/kleine-saechsische-schweiz.de\/","logo":{"@type":"ImageObject","inLanguage":"de","@id":"https:\/\/itanumit.de\/kleine-saechsische-schweiz.de\/#\/schema\/logo\/image\/","url":"https:\/\/itanumit.de\/kleine-saechsische-schweiz.de\/wp-content\/uploads\/2021\/07\/cropped-miniaturpark-kleine-saechsische-schweiz.png","contentUrl":"https:\/\/itanumit.de\/kleine-saechsische-schweiz.de\/wp-content\/uploads\/2021\/07\/cropped-miniaturpark-kleine-saechsische-schweiz.png","width":508,"height":192,"caption":"Miniaturpark Kleine S\u00e4chsische Schweiz"},"image":{"@id":"https:\/\/itanumit.de\/kleine-saechsische-schweiz.de\/#\/schema\/logo\/image\/"}}]}},"_links":{"self":[{"href":"https:\/\/itanumit.de\/kleine-saechsische-schweiz.de\/wp-json\/wp\/v2\/pages\/750","targetHints":{"allow":["GET"]}}],"collection":[{"href":"https:\/\/itanumit.de\/kleine-saechsische-schweiz.de\/wp-json\/wp\/v2\/pages"}],"about":[{"href":"https:\/\/itanumit.de\/kleine-saechsische-schweiz.de\/wp-json\/wp\/v2\/types\/page"}],"author":[{"embeddable":true,"href":"https:\/\/itanumit.de\/kleine-saechsische-schweiz.de\/wp-json\/wp\/v2\/users\/2"}],"replies":[{"embeddable":true,"href":"https:\/\/itanumit.de\/kleine-saechsische-schweiz.de\/wp-json\/wp\/v2\/comments?post=750"}],"version-history":[{"count":110,"href":"https:\/\/itanumit.de\/kleine-saechsische-schweiz.de\/wp-json\/wp\/v2\/pages\/750\/revisions"}],"predecessor-version":[{"id":4575,"href":"https:\/\/itanumit.de\/kleine-saechsische-schweiz.de\/wp-json\/wp\/v2\/pages\/750\/revisions\/4575"}],"up":[{"embeddable":true,"href":"https:\/\/itanumit.de\/kleine-saechsische-schweiz.de\/wp-json\/wp\/v2\/pages\/413"}],"wp:featuredmedia":[{"embeddable":true,"href":"https:\/\/itanumit.de\/kleine-saechsische-schweiz.de\/wp-json\/wp\/v2\/media\/794"}],"wp:attachment":[{"href":"https:\/\/itanumit.de\/kleine-saechsische-schweiz.de\/wp-json\/wp\/v2\/media?parent=750"}],"curies":[{"name":"wp","href":"https:\/\/api.w.org\/{rel}","templated":true}]}}