{"id":4718,"date":"2024-06-14T10:24:48","date_gmt":"2024-06-14T08:24:48","guid":{"rendered":"https:\/\/itanumit.de\/kleine-saechsische-schweiz.de\/?post_type=product&#038;p=4718"},"modified":"2024-09-11T14:54:41","modified_gmt":"2024-09-11T12:54:41","slug":"leuchter-wanderer-ueber-dem-nebelmeer-9x6x6-cm-variante-2","status":"publish","type":"product","link":"https:\/\/itanumit.de\/kleine-saechsische-schweiz.de\/shop\/leuchter\/leuchter-wanderer-ueber-dem-nebelmeer-9x6x6-cm-variante-2\/","title":{"rendered":"Leuchter &#8222;Wanderer \u00fcber dem Nebelmeer&#8220; (9x6x6 cm)"},"content":{"rendered":"<p><strong>Neuheit 2024<\/strong><\/p>\n<p>Kein anderer Maler ist der S\u00e4chsischen Schweiz so verbunden wie Caspar David Friedrich. Mit seiner unvergleichlichen F\u00e4higkeit, die majest\u00e4tische Sch\u00f6nheit der Felsformationen, W\u00e4lder und Fl\u00fcsse dieser einzigartigen Landschaft einzufangen, hat Friedrich das Herzst\u00fcck dieses Naturwunders f\u00fcr die Ewigkeit festgehalten. Seine Gem\u00e4lde strahlen eine tiefe Verbundenheit mit der Natur aus und laden den Betrachter ein, in die mystische Welt der S\u00e4chsischen Schweiz einzutauchen.<\/p>\n<p>Um die Liebe des K\u00fcnstlers zur S\u00e4chsischen Schweiz zu feiern, haben wir zum 250. Geburtstag Friedrichs ein handgefertigtes Teelicht aus Sandstein angefertigt, welches dem wohl ber\u00fchmtesten Werk des Malers gewidmet ist: &#8222;Wanderer \u00fcber dem Nebelmeer&#8220;. Jedes St\u00fcck ist ein Unikat, sorgf\u00e4ltig gefertigt, um die Sch\u00f6nheit und Eleganz des Sandsteins zu betonen.<\/p>\n<p>Der Leuchter pr\u00e4sentiert eine subtile Darstellung des ikonischen Gem\u00e4ldes von Caspar David Friedrich, das seine Liebe zur Natur und zur Romantik widerspiegelt. Die warmen Farbt\u00f6ne des Sandsteins schaffen eine beruhigende Atmosph\u00e4re und verleihen jedem Raum eine einzigartige Note.<\/p>\n<p>Perfekt als Geschenk f\u00fcr Kunstliebhaber oder als dekoratives Element f\u00fcr Ihr Zuhause, wird dieses Teelicht sicherlich bewundernde Blicke auf sich ziehen und eine besondere Erinnerung an den gro\u00dfen K\u00fcnstler Caspar David Friedrich darstellen. G\u00f6nnen Sie sich dieses kunstvolle St\u00fcck und lassen Sie sich von seiner zeitlosen Sch\u00f6nheit verzaubern!<\/p>\n<p>&nbsp;<\/p>\n<p>Ein Teelichthalter mit quadratischer Grundfl\u00e4che, handgearbeitet, ohne Teelicht<\/p>\n<p>Material: S\u00e4chsischer Sandstein<\/p>\n","protected":false},"excerpt":{"rendered":"<p>Leuchter &#8222;Wanderer \u00fcber dem Nebelmeer&#8220; (9x6x6 cm)<\/p>\n<p>orange bedruckt, Schrift modern<\/p>\n<p>Material: S\u00e4chsischer Sandstein<\/p>\n<p><a href=\"https:\/\/itanumit.de\/kleine-saechsische-schweiz.de\/wp-content\/uploads\/2024\/06\/Kleine-Saechsische-Schweiz-Neuheiten-2024.pdf\" target=\"_blank\" rel=\"noopener\">Neuheiten 2024 &#8211; PDF-Dokument<\/a><\/p>\n","protected":false},"featured_media":4719,"template":"","meta":[],"product_cat":[69,91],"product_tag":[],"class_list":{"0":"post-4718","1":"product","2":"type-product","3":"status-publish","4":"has-post-thumbnail","6":"product_cat-leuchter","7":"product_cat-neuheiten-2024","9":"entry","10":"has-media","12":"first","13":"instock","14":"taxable","15":"shipping-taxable","16":"purchasable","17":"product-type-simple","18":"col","19":"span_1_of_3","20":"owp-content-left","21":"owp-thumbs-layout-horizontal","22":"owp-btn-normal","23":"owp-tabs-layout-horizontal","24":"has-no-thumbnails"},"yoast_head":"<!-- This site is optimized with the Yoast SEO plugin v23.0 - https:\/\/yoast.com\/wordpress\/plugins\/seo\/ -->\n<title>Leuchter &quot;Wanderer \u00fcber dem Nebelmeer&quot; (9x6x6 cm)<\/title>\n<meta name=\"description\" content=\"Leuchter \u201eWanderer \u00fcber dem Nebelmeer\u201c (9x6x6 cm) aus s\u00e4chsischem Sandstein online bequem bestellen.\" \/>\n<meta name=\"robots\" content=\"index, follow, max-snippet:-1, max-image-preview:large, max-video-preview:-1\" \/>\n<link rel=\"canonical\" href=\"https:\/\/itanumit.de\/kleine-saechsische-schweiz.de\/shop\/leuchter\/leuchter-wanderer-ueber-dem-nebelmeer-9x6x6-cm-variante-2\/\" \/>\n<meta property=\"og:locale\" content=\"de_DE\" \/>\n<meta property=\"og:type\" content=\"article\" \/>\n<meta property=\"og:title\" content=\"Leuchter &quot;Wanderer \u00fcber dem Nebelmeer&quot; (9x6x6 cm)\" \/>\n<meta property=\"og:description\" content=\"Leuchter \u201eWanderer \u00fcber dem Nebelmeer\u201c (9x6x6 cm) aus s\u00e4chsischem Sandstein online bequem bestellen.\" \/>\n<meta property=\"og:url\" content=\"https:\/\/itanumit.de\/kleine-saechsische-schweiz.de\/shop\/leuchter\/leuchter-wanderer-ueber-dem-nebelmeer-9x6x6-cm-variante-2\/\" \/>\n<meta property=\"og:site_name\" content=\"Miniaturpark Kleine S\u00e4chsische Schweiz\" \/>\n<meta property=\"article:modified_time\" content=\"2024-09-11T12:54:41+00:00\" \/>\n<meta property=\"og:image\" content=\"https:\/\/itanumit.de\/kleine-saechsische-schweiz.de\/wp-content\/uploads\/2024\/06\/Kleine-Saechsische-Schweiz-Leuchte-Wanderer-ueber-dem-Nebelmeer-L2.1.2.12.jpg\" \/>\n\t<meta property=\"og:image:width\" content=\"686\" \/>\n\t<meta property=\"og:image:height\" content=\"629\" \/>\n\t<meta property=\"og:image:type\" content=\"image\/jpeg\" \/>\n<meta name=\"twitter:card\" content=\"summary_large_image\" \/>\n<meta name=\"twitter:label1\" content=\"Gesch\u00e4tzte Lesezeit\" \/>\n\t<meta name=\"twitter:data1\" content=\"2\u00a0Minuten\" \/>\n<script type=\"application\/ld+json\" class=\"yoast-schema-graph\">{\"@context\":\"https:\/\/schema.org\",\"@graph\":[{\"@type\":\"WebPage\",\"@id\":\"https:\/\/itanumit.de\/kleine-saechsische-schweiz.de\/shop\/leuchter\/leuchter-wanderer-ueber-dem-nebelmeer-9x6x6-cm-variante-2\/\",\"url\":\"https:\/\/itanumit.de\/kleine-saechsische-schweiz.de\/shop\/leuchter\/leuchter-wanderer-ueber-dem-nebelmeer-9x6x6-cm-variante-2\/\",\"name\":\"Leuchter \\\"Wanderer \u00fcber dem Nebelmeer\\\" (9x6x6 cm)\",\"isPartOf\":{\"@id\":\"https:\/\/itanumit.de\/kleine-saechsische-schweiz.de\/#website\"},\"primaryImageOfPage\":{\"@id\":\"https:\/\/itanumit.de\/kleine-saechsische-schweiz.de\/shop\/leuchter\/leuchter-wanderer-ueber-dem-nebelmeer-9x6x6-cm-variante-2\/#primaryimage\"},\"image\":{\"@id\":\"https:\/\/itanumit.de\/kleine-saechsische-schweiz.de\/shop\/leuchter\/leuchter-wanderer-ueber-dem-nebelmeer-9x6x6-cm-variante-2\/#primaryimage\"},\"thumbnailUrl\":\"https:\/\/itanumit.de\/kleine-saechsische-schweiz.de\/wp-content\/uploads\/2024\/06\/Kleine-Saechsische-Schweiz-Leuchte-Wanderer-ueber-dem-Nebelmeer-L2.1.2.12.jpg\",\"datePublished\":\"2024-06-14T08:24:48+00:00\",\"dateModified\":\"2024-09-11T12:54:41+00:00\",\"description\":\"Leuchter \u201eWanderer \u00fcber dem Nebelmeer\u201c (9x6x6 cm) aus s\u00e4chsischem Sandstein online bequem bestellen.\",\"breadcrumb\":{\"@id\":\"https:\/\/itanumit.de\/kleine-saechsische-schweiz.de\/shop\/leuchter\/leuchter-wanderer-ueber-dem-nebelmeer-9x6x6-cm-variante-2\/#breadcrumb\"},\"inLanguage\":\"de\",\"potentialAction\":[{\"@type\":\"ReadAction\",\"target\":[\"https:\/\/itanumit.de\/kleine-saechsische-schweiz.de\/shop\/leuchter\/leuchter-wanderer-ueber-dem-nebelmeer-9x6x6-cm-variante-2\/\"]}]},{\"@type\":\"ImageObject\",\"inLanguage\":\"de\",\"@id\":\"https:\/\/itanumit.de\/kleine-saechsische-schweiz.de\/shop\/leuchter\/leuchter-wanderer-ueber-dem-nebelmeer-9x6x6-cm-variante-2\/#primaryimage\",\"url\":\"https:\/\/itanumit.de\/kleine-saechsische-schweiz.de\/wp-content\/uploads\/2024\/06\/Kleine-Saechsische-Schweiz-Leuchte-Wanderer-ueber-dem-Nebelmeer-L2.1.2.12.jpg\",\"contentUrl\":\"https:\/\/itanumit.de\/kleine-saechsische-schweiz.de\/wp-content\/uploads\/2024\/06\/Kleine-Saechsische-Schweiz-Leuchte-Wanderer-ueber-dem-Nebelmeer-L2.1.2.12.jpg\",\"width\":686,\"height\":629,\"caption\":\"Kleine S\u00e4chsische Schweiz - Neuheit 2024 - Leuchte \\\"Wanderer \u00fcber dem Nebelmeer\\\"\"},{\"@type\":\"BreadcrumbList\",\"@id\":\"https:\/\/itanumit.de\/kleine-saechsische-schweiz.de\/shop\/leuchter\/leuchter-wanderer-ueber-dem-nebelmeer-9x6x6-cm-variante-2\/#breadcrumb\",\"itemListElement\":[{\"@type\":\"ListItem\",\"position\":1,\"name\":\"Startseite\",\"item\":\"https:\/\/itanumit.de\/kleine-saechsische-schweiz.de\/\"},{\"@type\":\"ListItem\",\"position\":2,\"name\":\"Shop\",\"item\":\"https:\/\/itanumit.de\/kleine-saechsische-schweiz.de\/shop\/\"},{\"@type\":\"ListItem\",\"position\":3,\"name\":\"Leuchter &#8222;Wanderer \u00fcber dem Nebelmeer&#8220; (9x6x6 cm)\"}]},{\"@type\":\"WebSite\",\"@id\":\"https:\/\/itanumit.de\/kleine-saechsische-schweiz.de\/#website\",\"url\":\"https:\/\/itanumit.de\/kleine-saechsische-schweiz.de\/\",\"name\":\"Miniaturpark Kleine S\u00e4chsische Schweiz\",\"description\":\"\",\"publisher\":{\"@id\":\"https:\/\/itanumit.de\/kleine-saechsische-schweiz.de\/#organization\"},\"potentialAction\":[{\"@type\":\"SearchAction\",\"target\":{\"@type\":\"EntryPoint\",\"urlTemplate\":\"https:\/\/itanumit.de\/kleine-saechsische-schweiz.de\/?s={search_term_string}\"},\"query-input\":\"required name=search_term_string\"}],\"inLanguage\":\"de\"},{\"@type\":\"Organization\",\"@id\":\"https:\/\/itanumit.de\/kleine-saechsische-schweiz.de\/#organization\",\"name\":\"Miniaturpark Kleine S\u00e4chsische Schweiz\",\"url\":\"https:\/\/itanumit.de\/kleine-saechsische-schweiz.de\/\",\"logo\":{\"@type\":\"ImageObject\",\"inLanguage\":\"de\",\"@id\":\"https:\/\/itanumit.de\/kleine-saechsische-schweiz.de\/#\/schema\/logo\/image\/\",\"url\":\"https:\/\/itanumit.de\/kleine-saechsische-schweiz.de\/wp-content\/uploads\/2021\/07\/cropped-miniaturpark-kleine-saechsische-schweiz.png\",\"contentUrl\":\"https:\/\/itanumit.de\/kleine-saechsische-schweiz.de\/wp-content\/uploads\/2021\/07\/cropped-miniaturpark-kleine-saechsische-schweiz.png\",\"width\":508,\"height\":192,\"caption\":\"Miniaturpark Kleine S\u00e4chsische Schweiz\"},\"image\":{\"@id\":\"https:\/\/itanumit.de\/kleine-saechsische-schweiz.de\/#\/schema\/logo\/image\/\"}}]}<\/script>\n<!-- \/ Yoast SEO plugin. -->","yoast_head_json":{"title":"Leuchter \"Wanderer \u00fcber dem Nebelmeer\" (9x6x6 cm)","description":"Leuchter \u201eWanderer \u00fcber dem Nebelmeer\u201c (9x6x6 cm) aus s\u00e4chsischem Sandstein online bequem bestellen.","robots":{"index":"index","follow":"follow","max-snippet":"max-snippet:-1","max-image-preview":"max-image-preview:large","max-video-preview":"max-video-preview:-1"},"canonical":"https:\/\/itanumit.de\/kleine-saechsische-schweiz.de\/shop\/leuchter\/leuchter-wanderer-ueber-dem-nebelmeer-9x6x6-cm-variante-2\/","og_locale":"de_DE","og_type":"article","og_title":"Leuchter \"Wanderer \u00fcber dem Nebelmeer\" (9x6x6 cm)","og_description":"Leuchter \u201eWanderer \u00fcber dem Nebelmeer\u201c (9x6x6 cm) aus s\u00e4chsischem Sandstein online bequem bestellen.","og_url":"https:\/\/itanumit.de\/kleine-saechsische-schweiz.de\/shop\/leuchter\/leuchter-wanderer-ueber-dem-nebelmeer-9x6x6-cm-variante-2\/","og_site_name":"Miniaturpark Kleine S\u00e4chsische Schweiz","article_modified_time":"2024-09-11T12:54:41+00:00","og_image":[{"width":686,"height":629,"url":"https:\/\/itanumit.de\/kleine-saechsische-schweiz.de\/wp-content\/uploads\/2024\/06\/Kleine-Saechsische-Schweiz-Leuchte-Wanderer-ueber-dem-Nebelmeer-L2.1.2.12.jpg","type":"image\/jpeg"}],"twitter_card":"summary_large_image","twitter_misc":{"Gesch\u00e4tzte Lesezeit":"2\u00a0Minuten"},"schema":{"@context":"https:\/\/schema.org","@graph":[{"@type":"WebPage","@id":"https:\/\/itanumit.de\/kleine-saechsische-schweiz.de\/shop\/leuchter\/leuchter-wanderer-ueber-dem-nebelmeer-9x6x6-cm-variante-2\/","url":"https:\/\/itanumit.de\/kleine-saechsische-schweiz.de\/shop\/leuchter\/leuchter-wanderer-ueber-dem-nebelmeer-9x6x6-cm-variante-2\/","name":"Leuchter \"Wanderer \u00fcber dem Nebelmeer\" (9x6x6 cm)","isPartOf":{"@id":"https:\/\/itanumit.de\/kleine-saechsische-schweiz.de\/#website"},"primaryImageOfPage":{"@id":"https:\/\/itanumit.de\/kleine-saechsische-schweiz.de\/shop\/leuchter\/leuchter-wanderer-ueber-dem-nebelmeer-9x6x6-cm-variante-2\/#primaryimage"},"image":{"@id":"https:\/\/itanumit.de\/kleine-saechsische-schweiz.de\/shop\/leuchter\/leuchter-wanderer-ueber-dem-nebelmeer-9x6x6-cm-variante-2\/#primaryimage"},"thumbnailUrl":"https:\/\/itanumit.de\/kleine-saechsische-schweiz.de\/wp-content\/uploads\/2024\/06\/Kleine-Saechsische-Schweiz-Leuchte-Wanderer-ueber-dem-Nebelmeer-L2.1.2.12.jpg","datePublished":"2024-06-14T08:24:48+00:00","dateModified":"2024-09-11T12:54:41+00:00","description":"Leuchter \u201eWanderer \u00fcber dem Nebelmeer\u201c (9x6x6 cm) aus s\u00e4chsischem Sandstein online bequem bestellen.","breadcrumb":{"@id":"https:\/\/itanumit.de\/kleine-saechsische-schweiz.de\/shop\/leuchter\/leuchter-wanderer-ueber-dem-nebelmeer-9x6x6-cm-variante-2\/#breadcrumb"},"inLanguage":"de","potentialAction":[{"@type":"ReadAction","target":["https:\/\/itanumit.de\/kleine-saechsische-schweiz.de\/shop\/leuchter\/leuchter-wanderer-ueber-dem-nebelmeer-9x6x6-cm-variante-2\/"]}]},{"@type":"ImageObject","inLanguage":"de","@id":"https:\/\/itanumit.de\/kleine-saechsische-schweiz.de\/shop\/leuchter\/leuchter-wanderer-ueber-dem-nebelmeer-9x6x6-cm-variante-2\/#primaryimage","url":"https:\/\/itanumit.de\/kleine-saechsische-schweiz.de\/wp-content\/uploads\/2024\/06\/Kleine-Saechsische-Schweiz-Leuchte-Wanderer-ueber-dem-Nebelmeer-L2.1.2.12.jpg","contentUrl":"https:\/\/itanumit.de\/kleine-saechsische-schweiz.de\/wp-content\/uploads\/2024\/06\/Kleine-Saechsische-Schweiz-Leuchte-Wanderer-ueber-dem-Nebelmeer-L2.1.2.12.jpg","width":686,"height":629,"caption":"Kleine S\u00e4chsische Schweiz - Neuheit 2024 - Leuchte \"Wanderer \u00fcber dem Nebelmeer\""},{"@type":"BreadcrumbList","@id":"https:\/\/itanumit.de\/kleine-saechsische-schweiz.de\/shop\/leuchter\/leuchter-wanderer-ueber-dem-nebelmeer-9x6x6-cm-variante-2\/#breadcrumb","itemListElement":[{"@type":"ListItem","position":1,"name":"Startseite","item":"https:\/\/itanumit.de\/kleine-saechsische-schweiz.de\/"},{"@type":"ListItem","position":2,"name":"Shop","item":"https:\/\/itanumit.de\/kleine-saechsische-schweiz.de\/shop\/"},{"@type":"ListItem","position":3,"name":"Leuchter &#8222;Wanderer \u00fcber dem Nebelmeer&#8220; (9x6x6 cm)"}]},{"@type":"WebSite","@id":"https:\/\/itanumit.de\/kleine-saechsische-schweiz.de\/#website","url":"https:\/\/itanumit.de\/kleine-saechsische-schweiz.de\/","name":"Miniaturpark Kleine S\u00e4chsische Schweiz","description":"","publisher":{"@id":"https:\/\/itanumit.de\/kleine-saechsische-schweiz.de\/#organization"},"potentialAction":[{"@type":"SearchAction","target":{"@type":"EntryPoint","urlTemplate":"https:\/\/itanumit.de\/kleine-saechsische-schweiz.de\/?s={search_term_string}"},"query-input":"required name=search_term_string"}],"inLanguage":"de"},{"@type":"Organization","@id":"https:\/\/itanumit.de\/kleine-saechsische-schweiz.de\/#organization","name":"Miniaturpark Kleine S\u00e4chsische Schweiz","url":"https:\/\/itanumit.de\/kleine-saechsische-schweiz.de\/","logo":{"@type":"ImageObject","inLanguage":"de","@id":"https:\/\/itanumit.de\/kleine-saechsische-schweiz.de\/#\/schema\/logo\/image\/","url":"https:\/\/itanumit.de\/kleine-saechsische-schweiz.de\/wp-content\/uploads\/2021\/07\/cropped-miniaturpark-kleine-saechsische-schweiz.png","contentUrl":"https:\/\/itanumit.de\/kleine-saechsische-schweiz.de\/wp-content\/uploads\/2021\/07\/cropped-miniaturpark-kleine-saechsische-schweiz.png","width":508,"height":192,"caption":"Miniaturpark Kleine S\u00e4chsische Schweiz"},"image":{"@id":"https:\/\/itanumit.de\/kleine-saechsische-schweiz.de\/#\/schema\/logo\/image\/"}}]}},"_links":{"self":[{"href":"https:\/\/itanumit.de\/kleine-saechsische-schweiz.de\/wp-json\/wp\/v2\/product\/4718","targetHints":{"allow":["GET"]}}],"collection":[{"href":"https:\/\/itanumit.de\/kleine-saechsische-schweiz.de\/wp-json\/wp\/v2\/product"}],"about":[{"href":"https:\/\/itanumit.de\/kleine-saechsische-schweiz.de\/wp-json\/wp\/v2\/types\/product"}],"wp:featuredmedia":[{"embeddable":true,"href":"https:\/\/itanumit.de\/kleine-saechsische-schweiz.de\/wp-json\/wp\/v2\/media\/4719"}],"wp:attachment":[{"href":"https:\/\/itanumit.de\/kleine-saechsische-schweiz.de\/wp-json\/wp\/v2\/media?parent=4718"}],"wp:term":[{"taxonomy":"product_cat","embeddable":true,"href":"https:\/\/itanumit.de\/kleine-saechsische-schweiz.de\/wp-json\/wp\/v2\/product_cat?post=4718"},{"taxonomy":"product_tag","embeddable":true,"href":"https:\/\/itanumit.de\/kleine-saechsische-schweiz.de\/wp-json\/wp\/v2\/product_tag?post=4718"}],"curies":[{"name":"wp","href":"https:\/\/api.w.org\/{rel}","templated":true}]}}